hat is -110 - 10498?
-10608
In base 8, what is -152 - 261?
-433
In base 10, what is -4 - 6740?
-6744
In base 7, what is -10 + 346?
336
In base 10, what is -407973 - 2?
-407975
In base 13, what is 71 + -5b8?
-547
In base 4, what is -1013 - -10023320?
10022301
In base 9, what is 161063 - -3?
161066
In base 11, what is 2 + -2107?
-2105
In base 3, what is 10110122221 + 111?
10110200102
In base 8, what is -361401 - -4?
-361375
In base 7, what is -26 + 1134?
1105
In base 2, what is 11 + -11101010111?
-11101010100
In base 2, what is -110010100011010 - 1001?
-110010100100011
In base 11, what is 50 - -309?
359
In base 13, what is -4c49 - 21?
-4c6a
In base 12, what is -a + b92a?
b920
In base 14, what is 437 + 887?
cc0
In base 16, what is -9518 + -2?
-951a
In base 10, what is -6 - 964?
-970
In base 13, what is 5086b + 11?
5087c
In base 12, what is -5123 + -10?
-5133
In base 5, what is -41412 + 1312?
-40100
In base 16, what is 2bc2 + -1?
2bc1
In base 9, what is 1 + 31781?
31782
In base 11, what is -3250 + 0?
-3250
In base 16, what is -62f - 1a?
-649
In base 4, what is 12200 + -320?
11220
In base 3, what is -2 - 11201022100?
-11201022102
In base 2, what is -101100010101 - -1011?
-101100001010
In base 5, what is 444042 - 0?
444042
In base 6, what is -5 - 445210?
-445215
In base 5, what is -3 - 10104130?
-10104133
In base 5, what is -24234 + 4441?
-14243
In base 13, what is 25b - 319b?
-2c40
In base 2, what is 10101111100001000 - 10?
10101111100000110
In base 11, what is 340 - 677?
-337
In base 15, what is -71ab + 6?
-71a5
In base 13, what is -c5 + 5c?
-66
In base 9, what is 0 + 55617?
55617
In base 13, what is 518 + 22?
53a
In base 12, what is -5089b + -3?
-508a2
In base 6, what is 0 - -13252021?
13252021
In base 10, what is -4 + 146386?
146382
In base 14, what is 1 + -17177?
-17176
In base 10, what is -1996863 - -5?
-1996858
In base 3, what is 12121 + -20011?
-120
In base 8, what is -234 - 550?
-1004
In base 2, what is 111100010111011 - -1?
111100010111100
In base 13, what is -2 - -4ac19?
4ac17
In base 10, what is -2178 - -28?
-2150
In base 13, what is 110a5 - 1c?
11086
In base 14, what is -9c61c + -2?
-9c620
In base 16, what is 5350 + -22?
532e
In base 16, what is -1494 - 85?
-1519
In base 4, what is -12 + -320120?
-320132
In base 8, what is 3 - -6611027?
6611032
In base 4, what is 132012 - -130013?
322031
In base 8, what is -7 - -15452?
15443
In base 16, what is -2 + db6?
db4
In base 11, what is 1 - 32005?
-32004
In base 14, what is 139b + 2b?
13c8
In base 11, what is 3 - -926a?
9272
In base 7, what is -12 - -24164?
24152
In base 14, what is 3cc + a?
3d8
In base 3, what is 2112 + 212221?
222110
In base 14, what is -33 + 10c7?
1094
In base 2, what is 10000011110 - -11?
10000100001
In base 16, what is 7539 - 3?
7536
In base 9, what is -82 + -8424?
-8516
In base 5, what is 1333 + -3342?
-2004
In base 2, what is -1111000111 + 11001?
-1110101110
In base 15, what is 9b3b9 - -7?
9b3c1
In base 5, what is -1 - -1241423?
1241422
In base 15, what is -38 + 8a?
52
In base 11, what is 1277 + 2?
1279
In base 4, what is 0 - -31003?
31003
In base 13, what is -2 + -15127?
-15129
In base 10, what is -3 - 16386?
-16389
In base 5, what is -3 + -14134200?
-14134203
In base 6, what is -4 - -50113351?
50113343
In base 9, what is 112245 - 0?
112245
In base 15, what is -5 - -10eb?
10e6
In base 7, what is -14622 - -5?
-14614
In base 2, what is 11 + 10001100000011?
10001100000110
In base 14, what is a9 + -29c?
-1d3
In base 2, what is -101100 - -101110111101000?
101110110111100
In base 11, what is 371801 + -11?
3717a0
In base 13, what is 25235 + 0?
25235
In base 13, what is -270 + 1240?
ca0
In base 8, what is 4 + 306416?
306422
In base 11, what is -10 - 127556?
-127566
In base 4, what is 11222 - 333?
10223
In base 14, what is -c99 - b2?
-d6b
In base 9, what is -3 + 4317?
4314
In base 14, what is -4bd88 - 1?
-4bd89
In base 10, what is 4 + 182537?
182541
In base 14, what is -3717 + 64?
-3693
In base 13, what is -1 + 124c87?
124c86
In base 3, what is 12 + 10010212?
10011001
In base 12, what is -2 - -bb730?
bb72a
In base 4, what is -1022 - -1012?
-10
In base 5, what is -3 - 404322?
-404330
In base 6, what is -3 - -11121?
11114
In base 10, what is -186181 - 8?
-186189
In base 4, what is -103131213 + 1?
-103131212
In base 12, what is -62a8 - 8?
-62b4
In base 4, what is 1320202 - -31?
1320233
In base 2, what is 100 + -1011110101011?
-1011110100111
In base 3, what is -111100010110 + -12?
-111100010122
In base 8, what is -1 + -121762?
-121763
In base 9, what is 74 - -1162?
1246
In base 15, what is -1cb6 + 60?
-1c56
In base 12, what is 2a - 5a13?
-59a5
In base 7, what is 2 - 462003?
-462001
In base 16, what is -c - 1c2d?
-1c39
In base 12, what is -1 + 4865a?
48659
In base 15, what is a92 - -5?
a97
In base 4, what is 1003021210 - -2?
1003021212
In base 14, what is -3 - -d092?
d08d
In base 4, what is -312221210 - -11?
-312221133
In base 11, what is -28596 + -42?
-28628
In base 12, what is 434 + 2aa6?
331a
In base 15, what is -16b4 - a5?
-1769
In base 10, what is 501 - 6951?
-6450
In base 7, what is -3245231 + 5?
-3245223
In base 13, what is -b7c - -2?
-b7a
In base 15, what is -2b43 - -3?
-2b40
In base 9, what is 6570 + 23?
6603
In base 7, what is 15066 + 5?
15104
In base 7, what is 205 - 3513?
-3305
In base 16, what is 65ec - 2?
65ea
In base 15, what is 6 - 1ba1?
-1b9a
In base 15, what is -80073a + -4?
-80073e
In base 13, what is -51 + -235?
-286
In base 5, what is -11233044 + -2?
-11233101
In base 15, what is -246b21 - -1?
-246b20
In base 16, what is 13 - 137?
-124
In base 11, what is 29949 + 5?
29953
In base 5, what is -10103414 - 44?
-10104013
In base 12, what is -1 - -72552?
72551
In base 14, what is 7 + -ab848?
-ab841
In base 10, what is 26 + -1074?
-1048
In base 3, what is 201 + 112110?
120011
In base 4, what is 2020 - -21020?
23100
In base 16, what is -4 + a672f?
a672b
In base 14, what is 15a9d - -4?
15aa3
In base 6, what is 1045354041 + -3?
1045354034
In base 9, what is 2441835 + 1?
2441836
In base 5, what is -10 - -343414?
343404
In base 12, what is -5 + -32493?
-32498
In base 10, what is 65976 - 2?
65974
In base 5, what is -142413 + 23?
-142340
In base 12, what is -96 - -a93?
9b9
In base 10, what is -4 + 1651721?
1651717
In base 10, what is 5793 - 11?
5782
In base 8, what is -2 - -2225640?
2225636
In base 16, what is -3c5 + b90?
7cb
In base 6, what is -1542215 - -2?
-1542213
In base 16, what is 0 + -1fd4?
-1fd4
In base 6, what is 144013 - -350?
144403
In base 16, what is 8f6 - -3a5?
c9b
In base 13, what is -13722 - -2?
-13720
In base 4, what is 201032200 + -3?
201032131
In base 12, what is b - -27b951?
27b960
In base 9, what is -224 + 1625?
1401
In base 9, what is 228748 + 14?
228763
In base 7, what is 3241 - 11?
3230
In base 4, what is 1 - 30333330?
-30333323
In base 3, what is -22122 + 2020000?
1220101
In base 16, what is 7a - 183?
-109
In base 7, what is 2230025 + -2?
2230023
In base 9, what is -7 - -78211?
78203
In base 16, what is -9 + -47a8?
-47b1
In base 10, what is -5 + 47331?
47326
In base 15, what is -10 + -1ea45?
-1ea55
In base 11, what is 2 - 291975?
-291973
In base 6, what is 10035203 + -2?
10035201
In base 5, what is 424 + 314343?
320322
In base 8, what is 3452 - 25?
3425
In base 10, what is -270 + -1792?
-2062
In base 12, what is a9aa7 - 2?
a9aa5
In base 14, what is -305a5 + -5?
-305aa
In base 9, what is -3122 + -27?
-3150
In base 15, what is -18aa5 - -2?
-18aa3
In base 12, what is -3 + 14719?
14716
In base 14, what is -776d + -47?
-77b6
In base 14, what is 5ca1 + 4c?
5d0d
In base 8, what is -41 + -1315?
-1356
In base 13, what is -5a670 - 2?
-5a672
In base 8, what is 307 - 7456?
-7147
In base 13, what is -ab - 145?
-223
In base 6, what is 1552 - -551?
2543
In base 12, what is -3a245 + a?
-3a237
In base 16, what is -2b99 - -a?
-2b8f
In base 3, what is -1111211 + 11000?
-1100211
In base 10, what is -9580 - -1?
-9579
In base 5, what is 4 - 10342343?
-10342334
In base 10, what is -1111 - 43?
-1154
In base 9, what is -15145 + 47?
-15087
In base 9, what is 140262 - -7?
140270
In base 2, what is 110 - -1101001100100101110?
1101001100100110100
In base 15, what is a41 + 25?
a66
In base 13, what is 4 - -108999?
1089a0
In base 8, what is 6533 + 40?
6573
In base 9, what is -85